{"id":795,"date":"2022-11-18T15:17:40","date_gmt":"2022-11-18T15:17:40","guid":{"rendered":"https:\/\/valentinocukraszda.hu\/?post_type=product&#038;p=795"},"modified":"2025-09-02T17:30:26","modified_gmt":"2025-09-02T17:30:26","slug":"vagott-sos","status":"publish","type":"product","link":"https:\/\/valentinocukraszda.hu\/index.php\/product\/vagott-sos\/","title":{"rendered":"V\u00e1gott s\u00f3s"},"content":{"rendered":"<p>1 kg v\u00e1gott s\u00f3s s\u00fctem\u00e9ny<\/p>\n","protected":false},"excerpt":{"rendered":"<p>1 kg v\u00e1gott s\u00f3s s\u00fctem\u00e9ny<\/p>\n","protected":false},"featured_media":785,"comment_status":"closed","ping_status":"closed","template":"","meta":[],"product_cat":[24],"product_tag":[],"class_list":["post-795","product","type-product","status-publish","has-post-thumbnail","hentry","product_cat-pogacsa"],"_links":{"self":[{"href":"https:\/\/valentinocukraszda.hu\/index.php\/wp-json\/wp\/v2\/product\/795","targetHints":{"allow":["GET"]}}],"collection":[{"href":"https:\/\/valentinocukraszda.hu\/index.php\/wp-json\/wp\/v2\/product"}],"about":[{"href":"https:\/\/valentinocukraszda.hu\/index.php\/wp-json\/wp\/v2\/types\/product"}],"replies":[{"embeddable":true,"href":"https:\/\/valentinocukraszda.hu\/index.php\/wp-json\/wp\/v2\/comments?post=795"}],"wp:featuredmedia":[{"embeddable":true,"href":"https:\/\/valentinocukraszda.hu\/index.php\/wp-json\/wp\/v2\/media\/785"}],"wp:attachment":[{"href":"https:\/\/valentinocukraszda.hu\/index.php\/wp-json\/wp\/v2\/media?parent=795"}],"wp:term":[{"taxonomy":"product_cat","embeddable":true,"href":"https:\/\/valentinocukraszda.hu\/index.php\/wp-json\/wp\/v2\/product_cat?post=795"},{"taxonomy":"product_tag","embeddable":true,"href":"https:\/\/valentinocukraszda.hu\/index.php\/wp-json\/wp\/v2\/product_tag?post=795"}],"curies":[{"name":"wp","href":"https:\/\/api.w.org\/{rel}","templated":true}]}}