{"id":1168,"date":"2024-04-22T16:08:01","date_gmt":"2024-04-22T16:08:01","guid":{"rendered":"https:\/\/valentinocukraszda.hu\/?post_type=product&#038;p=1168"},"modified":"2025-09-02T17:22:58","modified_gmt":"2025-09-02T17:22:58","slug":"dios-hokifli","status":"publish","type":"product","link":"https:\/\/valentinocukraszda.hu\/index.php\/product\/dios-hokifli\/","title":{"rendered":"Di\u00f3s h\u00f3kifli"},"content":{"rendered":"<p>1 kg di\u00f3s h\u00f3kifli<\/p>\n","protected":false},"excerpt":{"rendered":"<p>1 kg di\u00f3s h\u00f3kifli<\/p>\n","protected":false},"featured_media":1169,"comment_status":"closed","ping_status":"closed","template":"","meta":[],"product_cat":[29],"product_tag":[],"class_list":["post-1168","product","type-product","status-publish","has-post-thumbnail","hentry","product_cat-edesseg"],"_links":{"self":[{"href":"https:\/\/valentinocukraszda.hu\/index.php\/wp-json\/wp\/v2\/product\/1168","targetHints":{"allow":["GET"]}}],"collection":[{"href":"https:\/\/valentinocukraszda.hu\/index.php\/wp-json\/wp\/v2\/product"}],"about":[{"href":"https:\/\/valentinocukraszda.hu\/index.php\/wp-json\/wp\/v2\/types\/product"}],"replies":[{"embeddable":true,"href":"https:\/\/valentinocukraszda.hu\/index.php\/wp-json\/wp\/v2\/comments?post=1168"}],"wp:featuredmedia":[{"embeddable":true,"href":"https:\/\/valentinocukraszda.hu\/index.php\/wp-json\/wp\/v2\/media\/1169"}],"wp:attachment":[{"href":"https:\/\/valentinocukraszda.hu\/index.php\/wp-json\/wp\/v2\/media?parent=1168"}],"wp:term":[{"taxonomy":"product_cat","embeddable":true,"href":"https:\/\/valentinocukraszda.hu\/index.php\/wp-json\/wp\/v2\/product_cat?post=1168"},{"taxonomy":"product_tag","embeddable":true,"href":"https:\/\/valentinocukraszda.hu\/index.php\/wp-json\/wp\/v2\/product_tag?post=1168"}],"curies":[{"name":"wp","href":"https:\/\/api.w.org\/{rel}","templated":true}]}}