{"id":1164,"date":"2024-04-22T16:06:39","date_gmt":"2024-04-22T16:06:39","guid":{"rendered":"https:\/\/valentinocukraszda.hu\/?post_type=product&#038;p=1164"},"modified":"2025-09-02T17:24:37","modified_gmt":"2025-09-02T17:24:37","slug":"izes-hokifli","status":"publish","type":"product","link":"https:\/\/valentinocukraszda.hu\/index.php\/product\/izes-hokifli\/","title":{"rendered":"\u00cdzes h\u00f3kifli"},"content":{"rendered":"<p>1 kg \u00edzes h\u00f3kifli<\/p>\n","protected":false},"excerpt":{"rendered":"<p>1 kg \u00edzes h\u00f3kifli<\/p>\n","protected":false},"featured_media":1165,"comment_status":"closed","ping_status":"closed","template":"","meta":[],"product_cat":[29],"product_tag":[],"class_list":["post-1164","product","type-product","status-publish","has-post-thumbnail","hentry","product_cat-edesseg"],"_links":{"self":[{"href":"https:\/\/valentinocukraszda.hu\/index.php\/wp-json\/wp\/v2\/product\/1164","targetHints":{"allow":["GET"]}}],"collection":[{"href":"https:\/\/valentinocukraszda.hu\/index.php\/wp-json\/wp\/v2\/product"}],"about":[{"href":"https:\/\/valentinocukraszda.hu\/index.php\/wp-json\/wp\/v2\/types\/product"}],"replies":[{"embeddable":true,"href":"https:\/\/valentinocukraszda.hu\/index.php\/wp-json\/wp\/v2\/comments?post=1164"}],"wp:featuredmedia":[{"embeddable":true,"href":"https:\/\/valentinocukraszda.hu\/index.php\/wp-json\/wp\/v2\/media\/1165"}],"wp:attachment":[{"href":"https:\/\/valentinocukraszda.hu\/index.php\/wp-json\/wp\/v2\/media?parent=1164"}],"wp:term":[{"taxonomy":"product_cat","embeddable":true,"href":"https:\/\/valentinocukraszda.hu\/index.php\/wp-json\/wp\/v2\/product_cat?post=1164"},{"taxonomy":"product_tag","embeddable":true,"href":"https:\/\/valentinocukraszda.hu\/index.php\/wp-json\/wp\/v2\/product_tag?post=1164"}],"curies":[{"name":"wp","href":"https:\/\/api.w.org\/{rel}","templated":true}]}}