{"id":125,"date":"2022-01-08T12:59:51","date_gmt":"2022-01-08T12:59:51","guid":{"rendered":"https:\/\/valentinocukraszda.hu\/?page_id=125"},"modified":"2022-11-18T15:26:40","modified_gmt":"2022-11-18T15:26:40","slug":"sos-sutemenyek","status":"publish","type":"page","link":"https:\/\/valentinocukraszda.hu\/index.php\/sos-sutemenyek\/","title":{"rendered":"S\u00f3s s\u00fctem\u00e9nyek"},"content":{"rendered":"\t\t<div data-elementor-type=\"wp-page\" data-elementor-id=\"125\" class=\"elementor elementor-125\" data-elementor-post-type=\"page\">\n\t\t\t\t\t\t\t\t\t<section class=\"elementor-section elementor-top-section elementor-element elementor-element-8e68806 elementor-section-boxed elementor-section-height-default elementor-section-height-default\" data-id=\"8e68806\" data-element_type=\"section\">\n\t\t\t\t\t\t<div class=\"elementor-container elementor-column-gap-default\">\n\t\t\t\t\t<div class=\"elementor-column elementor-col-100 elementor-top-column elementor-element elementor-element-67c35af\" data-id=\"67c35af\" data-element_type=\"column\">\n\t\t\t<div class=\"elementor-widget-wrap elementor-element-populated\">\n\t\t\t\t\t\t\t\t<div class=\"elementor-element elementor-element-2bd8621 elementor-widget elementor-widget-heading\" data-id=\"2bd8621\" data-element_type=\"widget\" data-widget_type=\"heading.default\">\n\t\t\t\t<div class=\"elementor-widget-container\">\n\t\t\t<style>\/*! elementor - v3.16.0 - 20-09-2023 *\/\n.elementor-heading-title{padding:0;margin:0;line-height:1}.elementor-widget-heading .elementor-heading-title[class*=elementor-size-]>a{color:inherit;font-size:inherit;line-height:inherit}.elementor-widget-heading .elementor-heading-title.elementor-size-small{font-size:15px}.elementor-widget-heading .elementor-heading-title.elementor-size-medium{font-size:19px}.elementor-widget-heading .elementor-heading-title.elementor-size-large{font-size:29px}.elementor-widget-heading .elementor-heading-title.elementor-size-xl{font-size:39px}.elementor-widget-heading .elementor-heading-title.elementor-size-xxl{font-size:59px}<\/style><h1 class=\"elementor-heading-title elementor-size-default\">S\u00f3s s\u00fctem\u00e9nyek<\/h1>\t\t<\/div>\n\t\t\t\t<\/div>\n\t\t\t\t\t<\/div>\n\t\t<\/div>\n\t\t\t\t\t\t\t<\/div>\n\t\t<\/section>\n\t\t\t\t<section class=\"elementor-section elementor-top-section elementor-element elementor-element-dd22ef6 elementor-section-boxed elementor-section-height-default elementor-section-height-default\" data-id=\"dd22ef6\" data-element_type=\"section\">\n\t\t\t\t\t\t<div class=\"elementor-container elementor-column-gap-default\">\n\t\t\t\t\t<div class=\"elementor-column elementor-col-100 elementor-top-column elementor-element elementor-element-2c3fd4c\" data-id=\"2c3fd4c\" data-element_type=\"column\">\n\t\t\t<div class=\"elementor-widget-wrap elementor-element-populated\">\n\t\t\t\t\t\t\t\t<div class=\"elementor-element elementor-element-faeebf7 elementor-grid-4 elementor-grid-tablet-3 elementor-grid-mobile-2 elementor-products-grid elementor-wc-products elementor-show-pagination-border-yes elementor-widget elementor-widget-woocommerce-products\" data-id=\"faeebf7\" data-element_type=\"widget\" data-widget_type=\"woocommerce-products.default\">\n\t\t\t\t<div class=\"elementor-widget-container\">\n\t\t\t<link rel=\"stylesheet\" href=\"https:\/\/valentinocukraszda.hu\/wp-content\/plugins\/elementor-pro\/assets\/css\/widget-woocommerce.min.css\"><div class=\"woocommerce columns-4 \"><ul class=\"products elementor-grid columns-4\">\n<li class=\"product type-product post-1158 status-publish first instock product_cat-pogacsa has-post-thumbnail product-type-simple\">\n\t<div class='flip-bottom'><img loading=\"lazy\" decoding=\"async\" width=\"300\" height=\"300\" src=\"https:\/\/valentinocukraszda.hu\/wp-content\/uploads\/2024\/04\/sajtos_ropi-300x300.jpg\" class=\"attachment-woocommerce_thumbnail size-woocommerce_thumbnail\" alt=\"\" srcset=\"https:\/\/valentinocukraszda.hu\/wp-content\/uploads\/2024\/04\/sajtos_ropi-300x300.jpg 300w, https:\/\/valentinocukraszda.hu\/wp-content\/uploads\/2024\/04\/sajtos_ropi-150x150.jpg 150w, https:\/\/valentinocukraszda.hu\/wp-content\/uploads\/2024\/04\/sajtos_ropi-100x100.jpg 100w\" sizes=\"auto, (max-width: 300px) 100vw, 300px\" \/><\/li>\n<li class=\"product type-product post-795 status-publish instock product_cat-pogacsa has-post-thumbnail product-type-simple\">\n\t<div class='flip-bottom'><img loading=\"lazy\" decoding=\"async\" width=\"300\" height=\"300\" src=\"https:\/\/valentinocukraszda.hu\/wp-content\/uploads\/2022\/11\/suti-watermark-6-300x300.jpg\" class=\"attachment-woocommerce_thumbnail size-woocommerce_thumbnail\" alt=\"\" srcset=\"https:\/\/valentinocukraszda.hu\/wp-content\/uploads\/2022\/11\/suti-watermark-6-300x300.jpg 300w, https:\/\/valentinocukraszda.hu\/wp-content\/uploads\/2022\/11\/suti-watermark-6-150x150.jpg 150w, https:\/\/valentinocukraszda.hu\/wp-content\/uploads\/2022\/11\/suti-watermark-6-100x100.jpg 100w, https:\/\/valentinocukraszda.hu\/wp-content\/uploads\/2022\/11\/suti-watermark-6.jpg 500w\" sizes=\"auto, (max-width: 300px) 100vw, 300px\" \/><\/li>\n<li class=\"product type-product post-444 status-publish instock product_cat-pogacsa has-post-thumbnail product-type-simple\">\n\t<div class='flip-bottom'><img loading=\"lazy\" decoding=\"async\" width=\"300\" height=\"300\" src=\"https:\/\/valentinocukraszda.hu\/wp-content\/uploads\/2022\/09\/img_1089_watermark-300x300.jpg\" class=\"attachment-woocommerce_thumbnail size-woocommerce_thumbnail\" alt=\"\" srcset=\"https:\/\/valentinocukraszda.hu\/wp-content\/uploads\/2022\/09\/img_1089_watermark-300x300.jpg 300w, https:\/\/valentinocukraszda.hu\/wp-content\/uploads\/2022\/09\/img_1089_watermark-150x150.jpg 150w, https:\/\/valentinocukraszda.hu\/wp-content\/uploads\/2022\/09\/img_1089_watermark-100x100.jpg 100w, https:\/\/valentinocukraszda.hu\/wp-content\/uploads\/2022\/09\/img_1089_watermark.jpg 500w\" sizes=\"auto, (max-width: 300px) 100vw, 300px\" \/><\/li>\n<li class=\"product type-product post-443 status-publish last instock product_cat-pogacsa has-post-thumbnail product-type-simple\">\n\t<div class='flip-bottom'><img loading=\"lazy\" decoding=\"async\" width=\"300\" height=\"300\" src=\"https:\/\/valentinocukraszda.hu\/wp-content\/uploads\/2022\/07\/IMG_1087-300x300.jpg\" class=\"attachment-woocommerce_thumbnail size-woocommerce_thumbnail\" alt=\"\" srcset=\"https:\/\/valentinocukraszda.hu\/wp-content\/uploads\/2022\/07\/IMG_1087-300x300.jpg 300w, https:\/\/valentinocukraszda.hu\/wp-content\/uploads\/2022\/07\/IMG_1087-1024x1024.jpg 1024w, https:\/\/valentinocukraszda.hu\/wp-content\/uploads\/2022\/07\/IMG_1087-150x150.jpg 150w, https:\/\/valentinocukraszda.hu\/wp-content\/uploads\/2022\/07\/IMG_1087-768x768.jpg 768w, https:\/\/valentinocukraszda.hu\/wp-content\/uploads\/2022\/07\/IMG_1087-600x600.jpg 600w, https:\/\/valentinocukraszda.hu\/wp-content\/uploads\/2022\/07\/IMG_1087-100x100.jpg 100w, https:\/\/valentinocukraszda.hu\/wp-content\/uploads\/2022\/07\/IMG_1087.jpg 1267w\" sizes=\"auto, (max-width: 300px) 100vw, 300px\" \/><\/li>\n<li class=\"product type-product post-442 status-publish first instock product_cat-pogacsa has-post-thumbnail product-type-simple\">\n\t<div class='flip-bottom'><img loading=\"lazy\" decoding=\"async\" width=\"300\" height=\"300\" src=\"https:\/\/valentinocukraszda.hu\/wp-content\/uploads\/2022\/07\/IMG_1088-300x300.jpg\" class=\"attachment-woocommerce_thumbnail size-woocommerce_thumbnail\" alt=\"\" srcset=\"https:\/\/valentinocukraszda.hu\/wp-content\/uploads\/2022\/07\/IMG_1088-300x300.jpg 300w, https:\/\/valentinocukraszda.hu\/wp-content\/uploads\/2022\/07\/IMG_1088-1024x1024.jpg 1024w, https:\/\/valentinocukraszda.hu\/wp-content\/uploads\/2022\/07\/IMG_1088-150x150.jpg 150w, https:\/\/valentinocukraszda.hu\/wp-content\/uploads\/2022\/07\/IMG_1088-768x768.jpg 768w, https:\/\/valentinocukraszda.hu\/wp-content\/uploads\/2022\/07\/IMG_1088-600x600.jpg 600w, https:\/\/valentinocukraszda.hu\/wp-content\/uploads\/2022\/07\/IMG_1088-100x100.jpg 100w, https:\/\/valentinocukraszda.hu\/wp-content\/uploads\/2022\/07\/IMG_1088.jpg 1429w\" sizes=\"auto, (max-width: 300px) 100vw, 300px\" \/><\/li>\n<li class=\"product type-product post-441 status-publish instock product_cat-pogacsa has-post-thumbnail product-type-simple\">\n\t<div class='flip-bottom'><img loading=\"lazy\" decoding=\"async\" width=\"300\" height=\"300\" src=\"https:\/\/valentinocukraszda.hu\/wp-content\/uploads\/2022\/07\/IMG_1090-300x300.jpg\" class=\"attachment-woocommerce_thumbnail size-woocommerce_thumbnail\" alt=\"\" srcset=\"https:\/\/valentinocukraszda.hu\/wp-content\/uploads\/2022\/07\/IMG_1090-300x300.jpg 300w, https:\/\/valentinocukraszda.hu\/wp-content\/uploads\/2022\/07\/IMG_1090-1024x1024.jpg 1024w, https:\/\/valentinocukraszda.hu\/wp-content\/uploads\/2022\/07\/IMG_1090-150x150.jpg 150w, https:\/\/valentinocukraszda.hu\/wp-content\/uploads\/2022\/07\/IMG_1090-768x768.jpg 768w, https:\/\/valentinocukraszda.hu\/wp-content\/uploads\/2022\/07\/IMG_1090-600x600.jpg 600w, https:\/\/valentinocukraszda.hu\/wp-content\/uploads\/2022\/07\/IMG_1090-100x100.jpg 100w, https:\/\/valentinocukraszda.hu\/wp-content\/uploads\/2022\/07\/IMG_1090.jpg 1456w\" sizes=\"auto, (max-width: 300px) 100vw, 300px\" \/><\/li>\n<li class=\"product type-product post-439 status-publish instock product_cat-pogacsa has-post-thumbnail product-type-simple\">\n\t<div class='flip-bottom'><img loading=\"lazy\" decoding=\"async\" width=\"300\" height=\"300\" src=\"https:\/\/valentinocukraszda.hu\/wp-content\/uploads\/2022\/06\/sajtos_pogi-300x300.jpg\" class=\"attachment-woocommerce_thumbnail size-woocommerce_thumbnail\" alt=\"\" srcset=\"https:\/\/valentinocukraszda.hu\/wp-content\/uploads\/2022\/06\/sajtos_pogi-300x300.jpg 300w, https:\/\/valentinocukraszda.hu\/wp-content\/uploads\/2022\/06\/sajtos_pogi-150x150.jpg 150w, https:\/\/valentinocukraszda.hu\/wp-content\/uploads\/2022\/06\/sajtos_pogi-100x100.jpg 100w\" sizes=\"auto, (max-width: 300px) 100vw, 300px\" \/><\/li>\n<\/ul>\n<\/div>\t\t<\/div>\n\t\t\t\t<\/div>\n\t\t\t\t\t<\/div>\n\t\t<\/div>\n\t\t\t\t\t\t\t<\/div>\n\t\t<\/section>\n\t\t\t\t\t\t\t<\/div>\n\t\t","protected":false},"excerpt":{"rendered":"<p>S\u00f3s s\u00fctem\u00e9nyek<\/p>\n","protected":false},"author":3,"featured_media":0,"parent":0,"menu_order":0,"comment_status":"closed","ping_status":"closed","template":"","meta":{"footnotes":""},"class_list":["post-125","page","type-page","status-publish","hentry"],"_links":{"self":[{"href":"https:\/\/valentinocukraszda.hu\/index.php\/wp-json\/wp\/v2\/pages\/125","targetHints":{"allow":["GET"]}}],"collection":[{"href":"https:\/\/valentinocukraszda.hu\/index.php\/wp-json\/wp\/v2\/pages"}],"about":[{"href":"https:\/\/valentinocukraszda.hu\/index.php\/wp-json\/wp\/v2\/types\/page"}],"author":[{"embeddable":true,"href":"https:\/\/valentinocukraszda.hu\/index.php\/wp-json\/wp\/v2\/users\/3"}],"replies":[{"embeddable":true,"href":"https:\/\/valentinocukraszda.hu\/index.php\/wp-json\/wp\/v2\/comments?post=125"}],"version-history":[{"count":7,"href":"https:\/\/valentinocukraszda.hu\/index.php\/wp-json\/wp\/v2\/pages\/125\/revisions"}],"predecessor-version":[{"id":803,"href":"https:\/\/valentinocukraszda.hu\/index.php\/wp-json\/wp\/v2\/pages\/125\/revisions\/803"}],"wp:attachment":[{"href":"https:\/\/valentinocukraszda.hu\/index.php\/wp-json\/wp\/v2\/media?parent=125"}],"curies":[{"name":"wp","href":"https:\/\/api.w.org\/{rel}","templated":true}]}}